
Let f(q) = -2*q - 1. Let t be f(-3). Suppose -2*n + 0*n - t*z = -3, -4*n = z - 33. Let p = n + -2. What is the units digit of p?
7
Suppose 4*b + 2 = 14. Suppose -5*y = b*a - 212, 92 + 82 = 4*y - 2*a. What is the tens digit of y?
4
Let t(m) = 14*m**2 - 2*m. What is the tens digit of t(-2)?
6
Suppose 4*r - 118 = 3*w, 0 = -2*r - w - 3*w + 70. What is the units digit of r?
1
Let d = 39 + 52. What is the units digit of d?
1
Let o be 9 - (-3)/(-9)*0. What is the units digit of -8*(o/(-6) + 1)?
4
What is the units digit of (-165)/(-6) - (-3)/(-6)?
7
Suppose 0*v - 144 = -6*v. What is the tens digit of v?
2
Let i be 15/4 - 3/(-12). Suppose 0 = -v, 0*v = i*r - v - 28. What is the units digit of r?
7
Suppose 4*p = -3*q - 164, -23 = -p + 4*q - 83. Let f = -26 - p. What is the tens digit of f?
1
Let z(m) = -2 + 1 - m + 0*m + 2*m. Let b be z(6). Suppose q - b = -0*q. What is the units digit of q?
5
Let l be 3/1 - (-2)/(-2). Let z be 14/35 + 113/5. Suppose 3*p + l = z. What is the units digit of p?
7
Suppose 5*c + 3*f + 2*f = -45, -31 = 4*c + 3*f. What is the tens digit of c/12 + 86/6?
1
Let j(m) be the third derivative of m**6/24 - m**5/30 + m**3/6 + 3*m**2. What is the units digit of j(1)?
4
Let k(g) = g**2 - 5*g - 3. Let p = -2 - -8. Let a be k(p). What is the units digit of (-4)/a*15/(-2)?
0
Let g(n) = 2*n - 3. Suppose -3*m - 5 = -x - 4*m, -5*x = -4*m - 52. What is the units digit of g(x)?
3
Let c(u) = u**3 - 14*u**2 + u - 12. Let f be (0 - 21)/((-12)/8). Let i be c(f). Suppose 6 = -g + i*g. What is the units digit of g?
6
Let i(b) = 18*b**2 + b**3 - b**3 + b**3 + b + 4 - 17*b**2. What is the units digit of i(0)?
4
Suppose -c - 3*c = 0. Let o be c + (-12)/(3*-1). Suppose 2*x - 26 = -o*h, 2*h + 2*h = 4*x + 56. What is the units digit of h?
9
Let q(w) = w + 5. Let c be q(0). Suppose c*a + 0*a - 210 = 0. What is the units digit of a?
2
Suppose 0 = -4*r - 3*r + 1078. What is the tens digit of r?
5
What is the units digit of 26/(-65) - ((-312)/5 + 1)?
1
Let g be (-21)/(-14)*38/(-3). Let t = g - -34. What is the tens digit of t?
1
Let h be (-2)/(-1) + 8/8. Suppose 0*w - 89 = -2*w + h*q, -157 = -4*w - q. What is the units digit of w?
0
Let w = 11 + -8. Let f = 16 - 12. Suppose w*p = -f*y + 7, 4*p + y - 4 = p. What is the units digit of p?
1
Let l(a) = -a**3 + 7*a**2 + 13*a + 2. Let m be l(9). Let o = m - -76. What is the units digit of 0 - (-1)/(3/o)?
1
Let y(n) = 3*n - 6. Suppose -i - 1 = 2*a, -i + 21 = 2*i - 2*a. What is the units digit of y(i)?
9
What is the units digit of -1 + (-3)/(-1) - 0?
2
Let g(q) = 8*q - 1. Let p(l) = -4*l - 8. Let y(c) = c + 1. Let t(s) = -p(s) - 3*y(s). Let o be t(-4). What is the units digit of g(o)?
7
Let i = -123 - -183. Suppose -5*b = -i - 5. What is the units digit of b?
3
Let k(n) = 9*n - 30. What is the tens digit of k(12)?
7
Let i = 38 - -4. What is the tens digit of i?
4
Let s = -402 + 667. What is the hundreds digit of s?
2
Let c(n) = 13*n**2 - 2*n + 2. Let z = -4 + 6. Let y be c(z). Suppose -8 = -4*m + 4*u, -6*m + m - 3*u + y = 0. What is the units digit of m?
7
Let u(d) = 7*d**3 - 7*d**2 + 9*d - 8. Let o(r) = -11*r**3 + 10*r**2 - 14*r + 12. Let v(x) = 5*o(x) + 8*u(x). What is the units digit of v(6)?
8
Let p(t) = -t**2 - 8*t - 2. Suppose 3*h = 2*h - 7. What is the units digit of p(h)?
5
Let j = 120 - 77. What is the units digit of j?
3
What is the units digit of (1 - 6)/((-4 + 3)/5)?
5
Suppose 2*l - 14 - 524 = 0. What is the hundreds digit of l?
2
Let q be 2/(3*2/(-9)). Let n = 14 + q. What is the units digit of n?
1
Let o(x) = -x**3 - 4*x**2 - 6*x - 4. Let s be o(-4). What is the tens digit of 25*(-8)/s*-3?
3
Suppose t - 2*p = -0*t + 12, 2*p = 3*t - 24. Suppose t - 16 = -s. What is the units digit of s?
0
Suppose h + 0 - 4 = 0. Suppose -2*z = 2*r - 6*z - 36, 0 = 3*r + h*z - 64. Let a = r + -13. What is the units digit of a?
7
Suppose 5*j + 2*t - t - 21 = 0, 0 = j - 4*t. Suppose 2*b = j*b - 18. What is the units digit of b?
9
Suppose 395 = -0*f + 5*f. What is the tens digit of f?
7
Suppose z - 4*f = 19 + 147, -z = -f - 172. What is the units digit of z?
4
Suppose 90 = 3*c + 4*u, c + c - 71 = u. What is the units digit of c?
4
Suppose -155 = 5*z - 2*y, -z = 5*y - 3*y + 19. Let k = z + 48. What is the units digit of k?
9
Let f = -2 - -4. What is the units digit of 62/4 - f/(-4)?
6
Let z(s) = -s**2 - 3*s + 11. Let j be z(-5). Let m(h) = 14*h + 1. What is the tens digit of m(j)?
1
Suppose v + 35 - 102 = -4*x, -x - 4*v - 2 = 0. What is the units digit of (-86)/(-18) - (-4)/x?
5
What is the tens digit of 86/5 - (-1)/(-5)?
1
What is the tens digit of 10/30 - (-35)/3?
1
Let z = -105 + 151. What is the units digit of z?
6
Let j(p) = p**2 + 4*p - 3. What is the tens digit of j(3)?
1
Let k(b) = b - 1. Let y be k(2). Let u be (-9 - -9) + -3 + y. What is the units digit of ((-4)/2)/1*u?
4
Let b = 8 + -3. Suppose 2*k - 3*x = -1, 32 = b*k + x + 3*x. What is the units digit of k?
4
Suppose 2*h = -3*g + 5*g + 146, h - 2*g = 74. What is the units digit of h?
2
Suppose 0*w - w = 4. What is the tens digit of w/(-6) - (-246)/9?
2
Suppose 4*i = -0*i + 44. Suppose -o = 2*n + i + 7, 17 = -4*o + 3*n. Let g = o - -11. What is the units digit of g?
3
Let a(z) = 3*z**3 + 2*z**2 - 2*z + 1. Let v be a(1). Let t = v + -4. Suppose t*f = -5*f + 25. What is the units digit of f?
5
Let f be 14/(-91) + 41/13. Suppose -r + 2*u - 3*u = -3, -f*u = -2*r + 1. What is the units digit of r?
2
Let a(h) = 5*h - 7. Let x(y) = 6*y - 8. Let g(m) = 4*a(m) - 3*x(m). Let b be g(8). Suppose -3*s - b = -6*s. What is the units digit of s?
4
Suppose -48*h + 42*h + 1482 = 0. What is the tens digit of h?
4
Let w = -50 - -86. What is the tens digit of w?
3
What is the units digit of (5 - 89)*(-1 - 0)?
4
Suppose -3*l = 3 + 3. What is the units digit of 1 + (l - -13) + -2?
0
Suppose 0 = -4*t - 5*j + 379, -4*t = -3*j + 7*j - 380. What is the units digit of t?
6
What is the units digit of (-4)/14 - 1608/(-42)?
8
Let h(l) = 1 - 24*l - 2*l**2 + 20*l + 5*l**2. What is the tens digit of h(4)?
3
Let f = 52 + 50. What is the units digit of f?
2
Let k(l) = -6*l + 5. Let c(q) = -3*q + 3. Let t(n) = -9*c(n) + 4*k(n). What is the units digit of t(5)?
8
Suppose -d + 3 = 2*o - 3*o, 2*d + 5*o = 13. Suppose 2 = 2*l, -2*l - l - 17 = -d*x. Let s = 0 + x. What is the units digit of s?
5
Let x = 46 + -34. What is the tens digit of x?
1
What is the tens digit of -4 + (-96)/(-1 - 3)?
2
Let z = -11 - 0. What is the units digit of 348/22 - 2/z?
6
Suppose -13 + 5 = -l. Let q = l - 6. What is the units digit of q?
2
Suppose 0*a + 4*h = -3*a + 3, -12 = -3*a - h. Suppose 3*f = f + a*d + 7, 39 = 4*f - 5*d. Suppose 6 - f = -2*m. What is the units digit of m?
5
Let y(s) = -s - 4. Let k = -2 + -4. Let l be y(k). What is the units digit of (-21)/(-9) + l/3?
3
Let y be ((-1)/(-3))/((-1)/(-3)). Let z = 4 - y. Suppose -a - 2*i + 4 = -z*a, 5*a - 2 = 2*i. What is the units digit of a?
2
Suppose 6*f - 1196 = 2*f. What is the units digit of f?
9
Let w = 4 + -10. Let t(s) = s + 8. What is the units digit of t(w)?
2
Let n(r) = -r**2 - 9*r + 7. Let w be n(-8). Suppose -3*u + w = 2*u. Suppose 2*j - 5 = -u. What is the units digit of j?
1
Suppose 0 = -3*b + 4 + 23. Let h(v) = v**3 - 8*v**2 - 6*v - 13. What is the tens digit of h(b)?
1
Suppose 3*t + 233 = 4*d, 2*t = -3*d - 0*t + 196. What is the tens digit of d?
6
Suppose 0 = -2*m + s - 8 + 24, 3*m + 4*s = 13. What is the units digit of m?
7
Let r be (-1*3)/((-10)/120). Let p = r + -11. What is the units digit of p?
5
What is the units digit of (19 - (3 - 5)) + 0?
1
Let y(b) = -2*b**3 + 21*b**2 + 14*b - 4. What is the tens digit of y(10)?
3
Let c be (-15)/2*16/(-6). Let o = c - 12. What is the units digit of o?
8
Let f be (-7)/(-1) - (-1 - -2). Suppose o - f = -2*o. What is the units digit of o?
2
Let y(k) = 2*k + 4. Let f be y(-8). Let d = 31 - f. What is the units digit of d?
3
Let v(g) = 8*g + 22. What is the tens digit of v(11)?
1
Let n = 12 + -9. What is the units digit of 1 - (n + -6) - 0?
4
Let w(a) = -3*a**2 + 27*a - 12. Let g(k) = k**2 - 9*k + 4. Let q(f) = -8*g(f) - 3*w(f). What is the units digit of q(9)?
4
Suppose 16*l = 18*l - 12. What is the units digit of l?
6
Let s(l) = -l**3 - 2*l**2 + 6*l + 5. Suppose 3*j + u = 11, -4*j + 10 = -2*u - 18. Suppose 13 = 